n 35 is divided by i?
16
Let j(l) = -l**3 - l**2 + 2*l + 4. Let f be j(-2). Let v be 42/f*20/(-30). Let u = v + 25. What is the remainder when u is divided by 5?
3
Suppose -3*t = 14*t - 119. Calculate the remainder when 44 is divided by t.
2
Let a be ((-4)/(-10))/(2/830). Suppose 0 = p - 0*y + 4*y - 29, 0 = 5*p - y - a. Calculate the remainder when p is divided by ((-12)/5)/((-4)/30).
15
Let k(l) = -15*l + 89. Calculate the remainder when k(0) is divided by 13.
11
Let j(a) = a + 9. Let d be j(-8). Suppose 0 = 3*q + 2*i - i - 12, -3*i + d = 2*q. Calculate the remainder when 33 is divided by q.
3
What is the remainder when 152 is divided by -63*(1 - 4*(-5)/(-14))?
17
Let b = 59 + 246. What is the remainder when b is divided by 40?
25
Let j = 569 - 502. Calculate the remainder when j is divided by 22.
1
Suppose 75 = -5*t + 2*t. Let n = t - -34. What is the remainder when n is divided by 2/(-6) + 26/6?
1
Let i(z) = 3*z**2 - 8*z + 8. Let t be i(4). Suppose y + t = 9*y. Calculate the remainder when 7 is divided by y.
1
Let u be (-3 - 0) + -1 + -878. What is the remainder when (-3 - (-14)/6)*u/12 is divided by 17?
15
What is the remainder when (-6)/15 + (9612/(-10))/(-18) is divided by 30?
23
Suppose 598 = -7*m + 20*m. What is the remainder when 90 is divided by m?
44
Suppose 0 = -4*z, 0*r + 2*r = 4*z + 28. Suppose 835 = 3*u + 2*u + 5*c, -3*u - c = -499. What is the remainder when u is divided by r?
12
Let d(h) = 2*h**2 - 7*h + 19. Suppose q - 54 = -q - 2*v, -v + 73 = 3*q. What is the remainder when d(7) is divided by q?
22
Let y = 1075 + -966. Calculate the remainder when 449 is divided by y.
13
Suppose -4*d = 3*x - 220, -4*d - 2*x + 111 = -109. Calculate the remainder when 175 is divided by d.
10
Let r be 268/(-5) - 3/(-5). Let u = 34 + r. Let t = -9 - u. What is the remainder when t is divided by 6?
4
Let b = -1624 + 1640. Suppose 0*x + x - 3 = 0. Suppose x*p = -0*p + 129. What is the remainder when p is divided by b?
11
Let y(z) = z**3 - 19*z**2 + 9*z - 18. Let o(b) = -b**3 + 7*b**2 + 19*b + 10. Let g be o(9). Calculate the remainder when y(g) is divided by 39.
36
Let u = 31 + -20. Let p(s) = 3*s**2 - 17. Let y(q) = q**2 - 8. Let t(h) = 2*p(h) - 5*y(h). What is the remainder when t(-5) is divided by u?
9
Let u(r) = 8*r**2 + 3*r + 2. Let y = 0 + 4. Let h(g) = 7*g**2 + 3*g + 2. Let z(d) = y*h(d) - 3*u(d). What is the remainder when 47 is divided by z(-2)?
11
Let b(n) = 2*n. Let p be b(-3). Calculate the remainder when ((-2)/4)/(p/516) is divided by 11.
10
Let l = 4 - 5. Suppose -4*c = 2*c - 108. Calculate the remainder when -1 + (140/l)/(-2) is divided by c.
15
Suppose -77 = -3*r + d, 2*r + d + d - 62 = 0. Let s = -265 - -371. Calculate the remainder when s is divided by r.
25
Let c(v) = 35*v**2 + v - 1. Suppose j = 1 - 0. Let q(s) = s**3 + 5*s**2 + s - 2. Calculate the remainder when c(j) is divided by q(-4).
5
What is the remainder when (1 - (-26)/(-10))/(2/(-30)) is divided by 10?
4
Let n be 25/(0 + 2/4). Let w = -42 + n. Suppose -f + 5*g - 10 = 0, -9 = g - 4*g. Calculate the remainder when w is divided by f.
3
Suppose -6*t = 196 - 2224. What is the remainder when t is divided by 88?
74
Let c(x) = x**2 + x + 8. Suppose 65 = 101*f - 96*f. What is the remainder when c(-8) is divided by f?
12
Let p be -53*-1*(1 + -2). Let t = -49 - p. Calculate the remainder when 6 is divided by t.
2
Suppose 2*y + 164 = 2*x, 5*y - 290 + 28 = -3*x. Calculate the remainder when x is divided by 55.
29
Suppose 10*p - 5*p - 105 = 0. Calculate the remainder when 396 is divided by p.
18
Let q = 76 + -31. Let d = 12 - 0. What is the remainder when q is divided by d?
9
Suppose 11*o - 12*o = -4. Suppose 5*l + 0*m = m + 351, -o*m = 5*l - 371. Calculate the remainder when l is divided by 12.
11
What is the remainder when (-27472)/(-20) + (-22)/(-55) is divided by 106?
102
Suppose 5*t - 82 = 23. Calculate the remainder when t is divided by 13.
8
Let n(k) = 40*k - 176. What is the remainder when 211 is divided by n(5)?
19
Let j be (-10)/(-6) + 11/33. Suppose -5*y + 17 = -j*t, -y - 4*y = -t - 16. Let z = -7 + 10. Calculate the remainder when z is divided by y.
0
Let j(t) = -6*t - 30. What is the remainder when 20 is divided by j(-6)?
2
Let f be (268/(-6))/((-4)/12*1). Let d = 229 - f. What is the remainder when d is divided by 33?
29
Let l be (3 - (312/21 + 1))*7. Let y = 149 + l. What is the remainder when y is divided by 30?
29
Suppose 3*k = g + 1414, 4*g - 788 = -2*k + 164. Calculate the remainder when k is divided by 34.
30
Suppose 17*p = 13*p + 8. Suppose -3*f - 41 = -t, 0*f + f = p*t - 67. What is the remainder when 62 is divided by t?
30
Let z be -2 + 3 + 2 + 0. Suppose z = 2*s + 3*a - 18, -s = 4*a + 2. Calculate the remainder when 70 is divided by s.
16
Suppose -3*q - q - 32 = 0. Let g = 5 - q. Let n = 23 - g. Calculate the remainder when 38 is divided by n.
8
Let c = -20 - -19. Calculate the remainder when (230/(-30))/(c/3) is divided by 15.
8
Let g(v) = -v**3 + 7*v**2 - 3*v - 14. Let p be g(6). Calculate the remainder when (0 + -1 - p)*-16 is divided by 21.
17
Let q be 6/(-4)*(-8)/3. Suppose q*s + 126 = -2*s. Let t = -9 - s. What is the remainder when 45 is divided by t?
9
Suppose -4*t = -5*k + 77 - 201, -4*k + 4*t - 96 = 0. Let s be k/(-8)*-2*95. Calculate the remainder when (6/5)/((-14)/s) is divided by 15.
12
Suppose -10*d = -141 - 89. What is the remainder when 46 is divided by d?
0
Let x(c) = 7*c - 102. Calculate the remainder when 116 is divided by x(17).
14
Let q = 1256 + -1056. Calculate the remainder when q is divided by 34.
30
Suppose 5*i - 92 - 38 = 0. Let o = i - 24. Suppose 2*j = p - 5*p + 14, 2*j - 12 = -o*p. Calculate the remainder when 19 is divided by j.
4
What is the remainder when (-292)/6*72/(-48) is divided by 19?
16
Let v = 9 + -6. Suppose 2*q - 6*d - 18 = -4*d, 5*d = 0. What is the remainder when q is divided by v?
0
Suppose -6*p = -50*p + 8096. Calculate the remainder when p is divided by 26.
2
Suppose -13*j - 2*q + 372 = -9*j, -5*j - q = -468. What is the remainder when j is divided by 10?
4
Let t(j) = j**3 - j**2 + 4. Let i be t(0). Suppose -4*b - x + 308 = 0, -i*b + 4*x = 128 - 456. Calculate the remainder when b is divided by 20.
18
Suppose 7*l - 4*l + 117 = 3*g, g - 2*l - 43 = 0. What is the remainder when 45 is divided by g?
10
Suppose -11 = 2*d - 1. Let x(u) = 4 + u**3 + 8 + 6*u**2 + 9 - 30 + 5 + 2*u. Calculate the remainder when x(d) is divided by 7.
4
Suppose d + 2*d - 22 = 2*t, -20 = -4*d - 2*t. Let z(a) = -a + 29. What is the remainder when z(-9) is divided by d/(-27) + (-92)/(-9)?
8
Suppose 31*q = 24*q + 6293. Calculate the remainder when q is divided by 53.
51
Suppose -2*y + 27 = -3*y. Let h = y - -23. Let r(t) = -4*t + 8. What is the remainder when 94 is divided by r(h)?
22
Let v(m) = m**2 + 4*m. Let i be v(-5). Suppose -g + 4*g - 5 = f, -2*f - i*g - 21 = 0. What is the remainder when 2 is divided by (-1)/(-2) - 4/f?
0
Suppose -2*t - 4*c + 258 = 0, 0 = -4*t - 5*c + 569 - 47. Let k = t - 84. Calculate the remainder when k is divided by 18.
13
Let b(q) = q**2 - q + 17. Let z be b(0). Let f = z + -8. Suppose -2*d + 41 + 182 = 5*u, u - 3*d = 31. What is the remainder when u is divided by f?
7
Let n be (-2)/14 - (-30)/14. Calculate the remainder when 32 is divided by 140/(-21)*(-3)/n.
2
Suppose -10*f - 90 = -19*f. Suppose 0 = -4*a - 2*r - r + 124, a - r - 24 = 0. What is the remainder when a is divided by f?
8
Let c = 25 - 21. Let a be (-12)/(-18) - 26/(-6). Suppose c*w - a = 3*w. What is the remainder when w is divided by 2?
1
Suppose -17*i = -536 + 111. Calculate the remainder when 94 is divided by i.
19
Let o = 1193 + -1117. What is the remainder when 219 is divided by o?
67
Suppose 3*a - 15 = 3*g, 6 = -2*g + 4*g. Calculate the remainder when (-1017)/(-33) - (-6)/33 is divided by a.
7
Let f(i) = 65*i**2 + 2*i - 3. Let w be f(3). Suppose -5*v = -v - w. What is the remainder when v is divided by 6 + 111/3 - 6?
36
Suppose -75 = 167*y - 170*y. Calculate the remainder when 822 is divided by y.
22
Let r(t) = t**3 + 17*t**2 - 4*t + 31. Let q be r(-17). Let m = q - 95. Calculate the remainder when 9 is divided by m.
1
Let z = 11 + 4. Let u = -9 - -12. Suppose 3*q = 15 - u. Calculate the remainder when z is divided by q.
3
Calculate the r